*(-3)/(-1). Suppose 356 = -t*n + 6*n. What are the prime factors of n?
89
Suppose -2*n = -s - 63 + 211, -3*n - 222 = -s. Suppose k - 49 = 69. Let h = n + k. What are the prime factors of h?
2, 11
Let p be 27/2 + (-2)/4. Let d = p + -9. Suppose 5 = -3*o + d*o. What are the prime factors of o?
5
Let s(b) = 18*b + 6. Let z be s(5). Suppose -5*m - 2*u + 95 = -22, u - z = -4*m. List the prime factors of (-34)/(-10) - 10/m.
3
Let y be 30/7 - (-4)/(-14). Suppose 4*z - 20 = -c, -4*z - 16 = -9*z + c. Suppose o = z*x + 14, y*o - 2*x - 74 - 38 = 0. What are the prime factors of o?
2, 3, 5
Suppose 5*c = 6*c + 28. What are the prime factors of 9/(-3)*(c - -1)?
3
Let g(u) = 7*u**2 + 7*u - 8. Let x(n) = -n - 6. Let h be x(-7). Let q(v) = v**2 + v + 1. Let y(z) = h*g(z) - 6*q(z). List the prime factors of y(-6).
2
Suppose 2476 + 804 = 10*m. What are the prime factors of m?
2, 41
Let a(v) = v - 3. Let t be a(1). List the prime factors of 150/3 - (t - -3).
7
Suppose -5*h + 12 = -3*h. Let n be 4/(-24) + (-185)/h. Let s = n - -45. What are the prime factors of s?
2, 7
Let a(g) = -2*g**3 - 11*g**2 + 7*g + 7. Let k be a(-7). Let n = -53 + k. List the prime factors of n.
2, 13
Let l(i) = 8*i**2 - 21*i - 80. What are the prime factors of l(-6)?
2, 167
Let x(w) = 2*w**2. Suppose -7*r = -4*r - 15. List the prime factors of x(r).
2, 5
Let d = -48 - -190. What are the prime factors of d?
2, 71
Let n(z) = z**3 - 18*z**2 - 3*z + 5011. What are the prime factors of n(0)?
5011
Suppose -2*b = 3*h - 760, -3*h - 1067 = -2*b - 295. Let w = b - 160. What are the prime factors of w?
223
Suppose -5*f + 9 = -1. Suppose -48 = p - 2*p - 3*t, -5*p + 223 = -f*t. List the prime factors of p.
3, 5
Suppose 41 = -4*g - 23. Let h be (-885)/(-35) - 2/7. What are the prime factors of h - (g/(-4) + -8)?
29
Let c(z) = -2*z**3 - 2*z**2 - 2*z + 4. Let h be c(-3). Suppose -5*i - h + 241 = 0. Let g = i - 24. What are the prime factors of g?
3, 5
Suppose 10*a = 14*a + 116. Let z = 27 + a. List the prime factors of ((-9)/z)/((-1)/(-14)).
3, 7
List the prime factors of (8/(-14))/((-94)/433622).
2, 659
Let k(s) = -12*s**3 + s**2 - 1. Let a be k(-1). Let u(l) be the first derivative of -l**4/4 + 13*l**3/3 - 6*l**2 + 18*l + 6. List the prime factors of u(a).
2, 3
Let o(v) = -11*v - 22. Let y be o(12). Let j = y + 270. List the prime factors of j.
2, 29
Let f(j) = -6*j - 8. Let p(i) = i**2 + i - 1. Let r(m) = f(m) + p(m). Let a be r(9). Suppose -2*c + 11 + a = 0. What are the prime factors of c?
19
Suppose -9*x = -0*x - 18. Suppose 2*o + 3*o = x*y - 356, -3*y = -4*o - 534. What are the prime factors of y?
2, 89
Let z(w) = -10 - 4*w**2 - 2*w + 2*w**2 + 3*w**2. Suppose -134*s = -137*s + 15. What are the prime factors of z(s)?
5
What are the prime factors of (-1)/4 + 63245/52?
2, 19
Let f(h) be the first derivative of -h**2/2 + 7*h - 1. Let v be f(7). Let u = v + 13. List the prime factors of u.
13
Suppose -1197 - 15094 = -11*j. What are the prime factors of j?
1481
Suppose 0 = -4*q + t + 370, -5*q - 2*t + 459 = -5*t. List the prime factors of 1/(q/(-24) - -4).
2
Let w be (-3)/(-1 + 92/104). Let u = w - 22. Suppose 207 = 5*d + 4*z, -u*d + 174 = -0*d - z. List the prime factors of d.
43
Let x(i) be the second derivative of 65*i**3/2 - 15*i**2/2 - 8*i. Let t(k) = 14*k - 1. Let q(s) = 55*t(s) - 4*x(s). What are the prime factors of q(-4)?
3, 5
Suppose 3*n - 3*p - 1761 = 0, -10*p = -9*p + 2. List the prime factors of n.
3, 5, 13
Let j = -835 - -406. Let c = -291 - j. What are the prime factors of c?
2, 3, 23
Let a(w) = w**3 + 26*w**2 - 44*w - 15. List the prime factors of a(-22).
3, 107
Let g be (-8)/20 + 446/(-10). Suppose -13*r = -4 - 22. List the prime factors of (-2)/4 - g/r.
2, 11
Let c(t) = 25*t - 7. Let w(v) = 13*v - 3. Suppose -j + 5*q - 33 = 0, -5*j - 25 = 4*q + 24. Let h(f) = j*w(f) + 6*c(f). What are the prime factors of h(-2)?
5, 7
Suppose 5*m = 9*m - 8. Suppose -5*s - m*z + 175 = 0, 0*z - 23 = -s + 2*z. What are the prime factors of (s - -9)*(-12)/(-14)?
2, 3
Suppose -474 = -2*i + 4*i. List the prime factors of (-6)/(-27) + i/(-27).
3
Let z(b) = 2*b**2 - 11. Let i be z(5). Let l(y) = y**3 + 4*y**2 + y - 1. Let s be l(-3). Suppose -26 = -p - 4*n, i = p + p - s*n. List the prime factors of p.
2, 11
Suppose -4 = 3*a + 5. List the prime factors of a*(-31 + 2 + 4).
3, 5
Let l = -64 - -18. Let k = l - -81. List the prime factors of k.
5, 7
Suppose 0 = 3*b + 16 + 2. Let w = b - -3. List the prime factors of -6*(-3 + 1/w).
2, 5
Suppose 13*i = 20*i - 602. List the prime factors of i.
2, 43
Let f be 20/(-3)*(267/(-6) - -1). What are the prime factors of (-2)/(-5) + f/25 + 1?
13
Suppose 2*c = 4*v + 30 - 6, 0 = c + v. Suppose 0 = -c*w + 3 + 5. What are the prime factors of (w - -1) + (5 - -3)?
11
Let t(j) = 55*j**3 + 2*j**2 - j. Let l(a) = 2*a**2 + 24*a + 23. Let z be l(-11). List the prime factors of t(z).
2, 7
Let n(j) = j**3 - 13*j**2 - 13*j - 6. Let f be n(14). Suppose f*p = 11*p - 531. List the prime factors of p.
3, 59
Suppose -o + 208 = -0*o. Let h be (-3)/(-9) - o/12. Let p = h + 36. List the prime factors of p.
19
Let s be (-2404)/(-2) - (8 - 3). Suppose 0*l + s = 9*l. List the prime factors of l.
7, 19
Suppose 14*h = 3*h + 6930. Suppose l = 5*j + 4*l - h, -630 = -5*j + 2*l. What are the prime factors of j?
2, 3, 7
Let g(t) = 20*t**2 + 1. Let n be 6/(-4)*(-2)/3. Let r be g(n). Let f = r - 8. List the prime factors of f.
13
Let x(b) = 67*b**2 + 12*b + 20. What are the prime factors of x(-4)?
2, 3, 29
Let d(u) = -11*u - 10. Suppose -10*a = 62 - 12. What are the prime factors of d(a)?
3, 5
What are the prime factors of (-147390)/(-90) - 4/6?
1637
Suppose 4 + 21 = 5*r, 3*r - 5075 = -5*n. What are the prime factors of n?
2, 11, 23
Suppose 4*b - 88 = -5*f, 0 = b - 4*b + 2*f + 89. Suppose b = -s + 4. Let y = s + 34. List the prime factors of y.
11
Suppose 0 = 2*r - 4*g - 20, -2*g - 7 = 4*r + 3. Let m = r - -47. List the prime factors of m.
47
Let d be 46/10 + (-3)/5. Suppose 0 = -d*h - 5*p - 54, -2*p - 70 = 5*h + 3*p. Let s = 21 + h. What are the prime factors of s?
5
Suppose 2*w = -2*w - 12, -f = 4*w + 12. Suppose f*k = -d + k + 66, -2*d = k - 129. List the prime factors of d.
5, 13
Let d = 14 - 2. Suppose -x = -3*x - d. What are the prime factors of 18*(-3 + (-21)/x)?
3
Let h(c) = c**2 - 5*c - 2. Let t be h(4). What are the prime factors of (-19)/(-3)*(-54)/t?
3, 19
Suppose -3*b = 3 - 9. Suppose -b*i + 20 + 16 = 0. What are the prime factors of i?
2, 3
Let o(j) = 141*j**2 + 3*j - 2. Let c be o(1). Suppose 32 = r - 2*z, c - 6 = 5*r + 2*z. What are the prime factors of r?
2, 7
Let x(j) = 7*j**2 + 2*j - 9. Let w(g) = -g**2 + g. Let t(z) = 6*w(z) + x(z). List the prime factors of t(6).
3, 5
Suppose f = 5*m - 9326, -61*m - f = -58*m - 5594. What are the prime factors of m?
5, 373
Let g(u) = u + 26. Let w be g(-10). Let z = w + -4. List the prime factors of z.
2, 3
Let p(h) = 2360*h**2 + h - 2. List the prime factors of p(1).
7, 337
Let s(u) = -u**3 + u**2 - 3*u + 1. Let k = 13 + -11. Let y be s(k). Let f = y - -36. List the prime factors of f.
3
What are the prime factors of (-47)/((-10 - -13)/(-144))?
2, 3, 47
Let n(f) be the first derivative of f**2/2 - f - 11. Let a be n(11). What are the prime factors of 458/a - 6/(-30)?
2, 23
Suppose 5*j - 480 = -0*w - 2*w, 4*j = w - 240. Suppose 0 = -2*c + 116 + w. What are the prime factors of c?
2, 89
Suppose -20 = 2*u - 4*a, u - 2*a = 2*a - 18. Let f be u + 1 + 2 + 1. Suppose f*r - r - 19 = 0. List the prime factors of r.
19
Suppose 16*u - 12*u + 3*n - 9816 = 0, 0 = -n. List the prime factors of u.
2, 3, 409
Let h = -59 - -134. Suppose -5*m + h = -0*m. What are the prime factors of m?
3, 5
Suppose -5*v = 20, -2*v = 2*g - g - 29. Let r = g + -6. List the prime factors of r.
31
Let i be ((-1)/2)/(5/(-50)). Suppose -3*f - 2*f = -2*s + 69, i*s = -4*f + 156. List the prime factors of s.
2
Let f = 2 - -174. List the prime factors of (-27)/(-54)*f/1.
2, 11
Let q = 116 + -80. List the prime factors of q/(-162) - (-1660)/18.
2, 23
Let x(l) = 15*l. Let c be x(18). Suppose 105 - c = -5*z. List the prime factors of z.
3, 11
Let n(o) be the first derivative of 7*o**3/3 - o**2/2 + 4*o - 2. Let f(x) = x**3 + 2*x**2 - 2*x + 6. Let b be f(-3). What are the prime factors of n(b)?
2
S